{"id":313,"date":"2019-12-30T01:58:53","date_gmt":"2019-12-30T00:58:53","guid":{"rendered":"http:\/\/epese.fr\/?page_id=313"},"modified":"2019-12-31T00:55:18","modified_gmt":"2019-12-30T23:55:18","slug":"soirees-decouverte","status":"publish","type":"page","link":"https:\/\/epe-lolivier.fr\/index.php\/soirees-decouverte\/","title":{"rendered":"Soir\u00e9es d\u00e9couverte"},"content":{"rendered":"\n<h3 class=\"has-text-color wp-block-heading\" style=\"color:#be953e\">2 \u00e0 3 fois dans l&rsquo;ann\u00e9e<\/h3>\n\n\n\n<p>Nous proposons r\u00e9guli\u00e8rement des temps de discussions, appel\u00e9s \u00ab\u00a0<strong>soir\u00e9es d\u00e9couverte<\/strong>\u00a0\u00bb o\u00f9 chacun et chacune est le bienvenu.<br>Ce sont des rencontres en effectif r\u00e9duit, limit\u00e9 dans le temps (4 \u00e0 5 soir\u00e9es en g\u00e9n\u00e9ral) o\u00f9 se m\u00ealent convivialit\u00e9, partage, t\u00e9moignage et contenu biblique.<br>Autour d&rsquo;un bon g\u00e2teau et d&rsquo;une tisane, nous abordons des questions pertinentes sur Dieu et sur <strong>la bonne nouvelle de l\u2019\u00c9vangile<\/strong> (du genre :  Si Dieu existe alors pourquoi la souffrance ? C&rsquo;est quoi l\u2019\u00c9vangile&nbsp;? La science et la foi : contradictoires ?  La vie a-t-elle un sens&nbsp; ?  \u2026).<br>Une occasion de <strong>poser toutes vos questions<\/strong> sur la foi chr\u00e9tienne, sur la Bible, sur Dieu, sur J\u00e9sus-Christ. <\/p>\n","protected":false},"excerpt":{"rendered":"<p>2 \u00e0 3 fois dans l&rsquo;ann\u00e9e Nous proposons r\u00e9guli\u00e8rement des temps de discussions, appel\u00e9s \u00ab\u00a0soir\u00e9es d\u00e9couverte\u00a0\u00bb o\u00f9 chacun et chacune&hellip;<\/p>\n","protected":false},"author":1,"featured_media":0,"parent":0,"menu_order":0,"comment_status":"closed","ping_status":"closed","template":"","meta":{"footnotes":""},"class_list":["post-313","page","type-page","status-publish","hentry"],"_links":{"self":[{"href":"https:\/\/epe-lolivier.fr\/index.php\/wp-json\/wp\/v2\/pages\/313","targetHints":{"allow":["GET"]}}],"collection":[{"href":"https:\/\/epe-lolivier.fr\/index.php\/wp-json\/wp\/v2\/pages"}],"about":[{"href":"https:\/\/epe-lolivier.fr\/index.php\/wp-json\/wp\/v2\/types\/page"}],"author":[{"embeddable":true,"href":"https:\/\/epe-lolivier.fr\/index.php\/wp-json\/wp\/v2\/users\/1"}],"replies":[{"embeddable":true,"href":"https:\/\/epe-lolivier.fr\/index.php\/wp-json\/wp\/v2\/comments?post=313"}],"version-history":[{"count":6,"href":"https:\/\/epe-lolivier.fr\/index.php\/wp-json\/wp\/v2\/pages\/313\/revisions"}],"predecessor-version":[{"id":365,"href":"https:\/\/epe-lolivier.fr\/index.php\/wp-json\/wp\/v2\/pages\/313\/revisions\/365"}],"wp:attachment":[{"href":"https:\/\/epe-lolivier.fr\/index.php\/wp-json\/wp\/v2\/media?parent=313"}],"curies":[{"name":"wp","href":"https:\/\/api.w.org\/{rel}","templated":true}]}}