{"id":164,"date":"2019-12-28T03:11:35","date_gmt":"2019-12-28T02:11:35","guid":{"rendered":"http:\/\/epese.fr\/?page_id=164"},"modified":"2026-03-22T22:20:04","modified_gmt":"2026-03-22T21:20:04","slug":"prieres","status":"publish","type":"page","link":"https:\/\/epe-lolivier.fr\/index.php\/prieres\/","title":{"rendered":"Pri\u00e8res"},"content":{"rendered":"\n<h3 class=\"wp-block-heading has-text-color\" style=\"color:#be953e\">Les dimanches matin (sur demande)<\/h3>\n\n\n\n<p>Tous les dimanches, avant ou \u00e0 la sortie du culte, une \u00e9quipe est disponible pour <strong>prier<\/strong> avec les personnes qui en font la demande.<\/p>\n\n\n\n<h3 class=\"wp-block-heading has-text-color\" style=\"color:#be953e\">Les mercredis soir de 20h \u00e0 21h (en distanciel)<\/h3>\n\n\n\n<p>Tous les mercredis soirs, notre communaut\u00e9 se retrouve pour <strong>prier<\/strong> et pour lire la Bible. Une occasion hebdomadaire pour exprimer \u00e0 Dieu notre reconnaissance et nos requ\u00eates, tout en \u00e9tant renouvel\u00e9s par la Parole de Dieu.<\/p>\n\n\n\n<p>Rq : Actuellement  (pour permettre au plus grand nombre de participer) ce temps de pri\u00e8re du mercredi se fait<strong> en ligne <\/strong>via l&rsquo;application <strong>\u00ab\u00a0Zoom\u00a0\u00bb<\/strong>. N&rsquo;h\u00e9sitez pas \u00e0 nous contacter pour que l&rsquo;on vous rajoute \u00e0 la liste des participants.<\/p>\n\n\n\n<h3 class=\"wp-block-heading has-text-color\" style=\"color:#be953e\"><mark style=\"background-color:rgba(0, 0, 0, 0);color:#a6821e\" class=\"has-inline-color\">S.O.S Pri\u00e8res<\/mark><\/h3>\n\n\n\n<p>Besoin qu&rsquo;on prie pour vous ? Vous n&rsquo;\u00eates pas seul. Notre \u00e9quipe d&rsquo;intercession est disponible pour prier pour\/avec vous. Partagez votre sujet de pri\u00e8res sur prieres.epelolivier@gmail.com<\/p>\n\n\n\n<h3 class=\"wp-block-heading\"><mark style=\"background-color:rgba(0, 0, 0, 0);color:#a6821e\" class=\"has-inline-color\">Veill\u00e9e de pri\u00e8res<\/mark><\/h3>\n\n\n\n<p>Des veill\u00e9es de pri\u00e8res sont organis\u00e9es plusieurs fois dans l&rsquo;ann\u00e9e.<br>L&rsquo;occasion de passer une soir\u00e9e, voire la nuit enti\u00e8re pour les plus t\u00e9m\u00e9raires \ud83d\ude42 <strong>dans la pri\u00e8re<\/strong> et \u00e0 l\u2019\u00e9coute de Dieu.<\/p>\n\n\n\n<blockquote class=\"wp-block-quote is-layout-flow wp-block-quote-is-layout-flow\">\n<p>R\u00e9jouissez-vous dans l\u2019esp\u00e9rance et soyez patients dans la d\u00e9tresse. Pers\u00e9v\u00e9rez dans la pri\u00e8re !  <\/p>\n<cite>La Bible, Romains 12.12  <\/cite><\/blockquote>\n\n\n\n<p>&nbsp;<\/p>\n\n\n\n<p><\/p>\n","protected":false},"excerpt":{"rendered":"<p>Les dimanches matin (sur demande) Tous les dimanches, avant ou \u00e0 la sortie du culte, une \u00e9quipe est disponible pour&hellip;<\/p>\n","protected":false},"author":1,"featured_media":0,"parent":0,"menu_order":0,"comment_status":"closed","ping_status":"closed","template":"","meta":{"footnotes":""},"class_list":["post-164","page","type-page","status-publish","hentry"],"_links":{"self":[{"href":"https:\/\/epe-lolivier.fr\/index.php\/wp-json\/wp\/v2\/pages\/164","targetHints":{"allow":["GET"]}}],"collection":[{"href":"https:\/\/epe-lolivier.fr\/index.php\/wp-json\/wp\/v2\/pages"}],"about":[{"href":"https:\/\/epe-lolivier.fr\/index.php\/wp-json\/wp\/v2\/types\/page"}],"author":[{"embeddable":true,"href":"https:\/\/epe-lolivier.fr\/index.php\/wp-json\/wp\/v2\/users\/1"}],"replies":[{"embeddable":true,"href":"https:\/\/epe-lolivier.fr\/index.php\/wp-json\/wp\/v2\/comments?post=164"}],"version-history":[{"count":32,"href":"https:\/\/epe-lolivier.fr\/index.php\/wp-json\/wp\/v2\/pages\/164\/revisions"}],"predecessor-version":[{"id":857,"href":"https:\/\/epe-lolivier.fr\/index.php\/wp-json\/wp\/v2\/pages\/164\/revisions\/857"}],"wp:attachment":[{"href":"https:\/\/epe-lolivier.fr\/index.php\/wp-json\/wp\/v2\/media?parent=164"}],"curies":[{"name":"wp","href":"https:\/\/api.w.org\/{rel}","templated":true}]}}

Prières

<h3 class="wp-block-heading has-text-color" style="color:#be953e">Les dimanches matin (sur demande)</h3>



<p>Tous les dimanches, avant ou à la sortie du culte, une équipe est disponible pour <strong>prier</strong> avec les personnes qui en font la demande.</p>



<h3 class="wp-block-heading has-text-color" style="color:#be953e">Les mercredis soir de 20h à 21h (en distanciel)</h3>



<p>Tous les mercredis soirs, notre communauté se retrouve pour <strong>prier</strong> et pour lire la Bible. Une occasion hebdomadaire pour exprimer à Dieu notre reconnaissance et nos requêtes, tout en étant renouvelés par la Parole de Dieu.</p>



<p>Rq : Actuellement  (pour permettre au plus grand nombre de participer) ce temps de prière du mercredi se fait<strong> en ligne </strong>via l&rsquo;application <strong>« Zoom »</strong>. N&rsquo;hésitez pas à nous contacter pour que l&rsquo;on vous rajoute à la liste des participants.</p>



<h3 class="wp-block-heading has-text-color" style="color:#be953e"><mark style="background-color:rgba(0, 0, 0, 0);color:#a6821e" class="has-inline-color">S.O.S Prières</mark></h3>



<p>Besoin qu&rsquo;on prie pour vous ? Vous n&rsquo;êtes pas seul. Notre équipe d&rsquo;intercession est disponible pour prier pour/avec vous. Partagez votre sujet de prières sur prieres.epelolivier@gmail.com</p>



<h3 class="wp-block-heading"><mark style="background-color:rgba(0, 0, 0, 0);color:#a6821e" class="has-inline-color">Veillée de prières</mark></h3>



<p>Des veillées de prières sont organisées plusieurs fois dans l&rsquo;année.<br>L&rsquo;occasion de passer une soirée, voire la nuit entière pour les plus téméraires 🙂 <strong>dans la prière</strong> et à l’écoute de Dieu.</p>



<blockquote class="wp-block-quote is-layout-flow wp-block-quote-is-layout-flow">
<p>Réjouissez-vous dans l’espérance et soyez patients dans la détresse. Persévérez dans la prière !  </p>
<cite>La Bible, Romains 12.12  </cite></blockquote>



<p>&nbsp;</p>



<p></p>

<p>Les dimanches matin (sur demande) Tous les dimanches, avant ou à la sortie du culte, une équipe est disponible pour&hellip;</p>
